erivative of i(z). Determine h(1).
-7
Let i(d) = -22 - 17*d**2 - 24 + 10*d + 8*d + 55 + 0*d - d**3. Give i(-18).
9
Let k(b) = b**2 - b. Let y(i) = i**3 + 4*i**2. Let z = -208 - -209. Let a(f) = z*y(f) - k(f). What is a(-2)?
2
Let j be 2 - 5 - -8*2/4. Let k be 3 + j/(-7 + 6). Let l(r) = 1 + 5*r**2 - 5*r**2 + 2*r**2 - 4*r**2. Calculate l(k).
-7
Let x be ((-1)/1)/((-34)/(-34)). Let o(l) = 6*l + 2 - 3*l - 4 - 2*l. Let k(t) = -t + 1. Let n(d) = x*k(d) + o(d). Calculate n(3).
3
Suppose 18 = 2*j - 11*j. Let t be 7 + (j - 2) + (-12)/2. Let f be ((-14)/(-4) + t)*16. Let d(x) = -x + 6. Give d(f).
-2
Let s(d) = 7*d + 2. Let c(v) = 18*v + 122. Let n(m) = -c(m) + s(m). Calculate n(-10).
-10
Let t be (-64428)/(-155760) + (-8)/22. Let i(a) be the second derivative of -5/3*a**3 + 5/6*a**4 + 4*a**2 - 14*a + 0 - t*a**5. Determine i(9).
-1
Suppose 83 - 307 - 58 = 47*v. Let d(q) = -q**2 + 16*q + 119. Give d(v).
-13
Suppose 0 = c + 1. Let u(o) be the second derivative of -o**3/6 + o**2/2 - 332*o. Let f(p) = 5*p - 6. Let k(x) = c*f(x) - 6*u(x). Give k(2).
2
Let v(n) = 2*n**3 + 9*n**2 + 7*n - 1. Let l(w) = 2*w**3 + 10*w**2 + 8*w - 1. Let o(x) = 5*l(x) - 6*v(x). Let i be ((-2)/5)/((-93)/(-465)). Give o(i).
5
Let t(s) = -s**3 + 22*s**2 - 2*s + 31. Suppose 0 = 13674*k - 13675*k + 22. Give t(k).
-13
Let k = -88 - -89. Let h(y) = y**3 + 22*y - k + 28*y + 6*y**2 - 46*y. What is h(-3)?
14
Let s(p) = 3*p**3 - p**2 - p - 1. Let n be (7/(70/24))/(8/100). Let l be (2/(-8) - n/40)*-3. Let b(x) = -x**2 + x + 5. Let r be b(l). Give s(r).
-4
Let n(q) = 3*q**2 - q + 6. Let p be n(2). Suppose -3*c = p - 4, -2*h - 176 = 3*c. Let t = -87 - h. Let g(k) = -k. Give g(t).
5
Let h(n) be the third derivative of -n**5/12 + 5*n**4/24 - n**3/3 - 1726*n**2. Give h(2).
-12
Let z(s) = 4*s - 255. Let t(l) = 2*l - 173. Let u(w) = 4*t(w) - 3*z(w). Calculate u(14).
17
Let p(f) = 3*f - 4. Let y be 3/(-21) - 418/14. Let r(t) = -t**2 - 10*t + 2. Let g be r(-5). Let b = y + g. Determine p(b).
-13
Let q(v) be the second derivative of v**4/12 - 5*v**3/3 + 19*v - 80. Give q(8).
-16
Let s(x) = x**2 + 11*x + 7. Let w be -6*(-12)/18 - (12 + -6 - -8). Give s(w).
-3
Let c be 2/(33 - 27) - 1/(-8). Let h(f) be the third derivative of 0*f + 0 + c*f**4 + 20*f**2 - 1/6*f**3. Give h(-1).
-12
Let d = 100 + -99. Let x(v) = v**2 + 36*v**3 - 14*v**3 + 22*v - 17*v**3 - 1 - 21*v. What is x(d)?
6
Suppose -56 = 4*z - 72. Let s(i) = -2*i - i**2 + z + 41*i - 40*i. Determine s(3).
-8
Let v(a) = -4*a**2 + 3*a**2 - 8*a - 975 + 1983 - 995. What is v(-10)?
-7
Let p(c) = -466*c**3 + 6*c**2 - 210*c + 16. Let k(h) = -93*h**3 + h**2 - 38*h + 3. Let t(i) = 11*k(i) - 2*p(i). Determine t(-1).
89
Let z(i) = 3*i**3 + i**2. Let b be (-3)/4*(-48)/18. Let f be 6/(-4 - b)*1. Calculate z(f).
-2
Let q be 11*(-1 - -2) - 4/(21 + -20). Suppose 3*y = -2*y. Suppose q*m - 35 = -y*m. Let p(z) = -z**2 + 5*z - 3. Calculate p(m).
-3
Let j(s) = 22*s + 28. Let c be (-4)/5 - (360/(-25))/(-12). Calculate j(c).
-16
Let n(i) = i**2 + 5*i - 5. Let h = -39 - -39. Let c be h + 2 + (-7 - -8)*-7. Determine n(c).
-5
Let o be (-76)/10 - (-10)/(-25). Let f = 178 - 83. Let z(i) = 93*i**2 + 101*i**2 + 7*i + f*i**2 - 288*i**2. Determine z(o).
8
Let r(c) be the third derivative of c**4/2 + 19*c**3/2 + 770*c**2 - 5*c. Determine r(-8).
-39
Let k(d) be the second derivative of -d**4/12 - 2*d**3 - 11*d**2/2 - 652*d. Determine k(-7).
24
Let o(i) = -i**3 + 5*i**2 + 5*i - 7. Suppose -37*s - 1524 = -31*s. Let k = -248 - s. Calculate o(k).
-13
Suppose -167 = -12*p + 8*p - m, -3*m - 45 = -p. Suppose -p = -6*z - 8*z. Let r(i) = -i**2 + 2*i + 3. Give r(z).
0
Let h(y) be the second derivative of -y**4/3 + y**3/6 - y**2/2 - 7*y. Let j(c) = -8*c + 2. Let b be j(-1). Suppose 7*n + 3 = b. What is h(n)?
-4
Let a(j) = -164*j - 1. Let o(y) = -32*y. Let p(q) = 2*a(q) - 11*o(q). Determine p(1).
22
Let g(n) = 4*n + 1. Let x be (219 + -220)/((0 + -2)/2). Give g(x).
5
Let u(r) be the second derivative of 1/12*r**4 - 5*r - 1 + 0*r**3 + 15/2*r**2. What is u(0)?
15
Let r(x) = -16*x**3 - 2*x**2 + 1. Let m be (-4)/6*-54*5/20. Let u be (-9)/12 - m/36. What is r(u)?
15
Suppose 0 = -9*q + 5*q + 20. Suppose 2*t - 24 = -0*g - q*g, 4 = 3*g - 4*t. Let m(r) = 55 + 44 + r**2 - 106 + g*r. Calculate m(-5).
-2
Suppose -c - 111 = -3*x - 98, 20 = 2*x + 5*c. Let b(a) be the third derivative of 3/8*a**4 - 20*a**2 + 1/60*a**x + 0*a + 0 + 5/3*a**3. Calculate b(-7).
-4
Let v(k) be the first derivative of -19*k**3/3 + 312. What is v(-1)?
-19
Let c(b) be the second derivative of -b**6/120 - b**5/15 + 7*b**4/24 - 7*b**3/6 + 19*b**2 + 47*b. Let r(h) be the first derivative of c(h). Give r(-6).
23
Let d(c) = 19 - 5*c - 45 + 21 + 2*c. Suppose 5*k = -m - 0*m + 36, -2*k = 5*m - 19. Let j = k - 12. Determine d(j).
10
Let l(w) = -96*w + 189*w - 106*w - 7. Give l(-4).
45
Suppose 85*o + 4*d + 32 = 81*o, d = -5*o - 32. Let m = 13 + -11. Let q(t) = t + m - 4 - 2*t. Calculate q(o).
4
Suppose -1017*y + 984*y = -198. Let k(l) = -l**3 + 6*l**2 - 5*l + 12. Determine k(y).
-18
Let y = 98 + -83. Let j(x) = -27*x. Let p(o) = -7*o. Let r(i) = y*p(i) - 4*j(i). Give r(2).
6
Let a(k) = -8*k**3 - k**2 + 1. Let i be 874/10 + 6/(-15). Suppose -3*j - i + 24 = 0. Let o be 14/(-49) - 27/j. Calculate a(o).
-8
Suppose i = 10*i - 27. Let w(d) = i - 7*d - 59*d**3 - 3*d**2 + 60*d**3 + 6*d + d**2. Determine w(3).
9
Let x = 364 + -364. Let b be 1*(x + 0)*(6 + -7). Let j(k) = -k. Give j(b).
0
Let x(d) = -3*d**2 - d + 1. Let n = 60 - 53. Suppose n*t - 855 = -2*t. Let z = t + -93. What is x(z)?
-13
Let v(n) = 85*n + 40. Let t(b) = -21*b - 9. Let i(g) = 9*t(g) + 2*v(g). Give i(-3).
56
Let s(t) = -34*t + 8. Let p(g) = -23*g + 9. Let d(b) = 3*p(b) - 2*s(b). Determine d(-3).
14
Suppose -2*r = 2*u + u + 26, 54 = -3*r + 3*u. Let b(i) = i**3 + 17*i**2 + 15*i - 7. What is b(r)?
9
Let a(h) be the first derivative of -h**3 - 5*h**2/2 - 2994. What is a(-2)?
-2
Let c = -16299 - -16304. Let r(a) = -3*a**2 + 18*a - 14. What is r(c)?
1
Let z be -3*(22/(-3) + 0). Suppose 4*f = 7*f - 57. Let t = f - z. Let w(m) = -5*m + 1. Calculate w(t).
16
Let w(h) = 15*h. Let g(x) = 5*x**2 + x - 2. Let s be g(1). Let a(m) = 7*m. Let c(z) = s*w(z) - 9*a(z). Give c(3).
-9
Suppose 0 = 2*x - 8 + 22. Let o(i) = 13*i**2 + 3*i - 1. Let a(g) = -5*g**2 - 2*g + 1. Let y(p) = 8*a(p) + 3*o(p). What is y(x)?
5
Let l(j) be the third derivative of -j**6/120 + 17*j**5/60 - 29*j**4/24 - 19*j**3/6 + 1519*j**2. Give l(15).
-4
Let k(w) = -7*w - 1. Let o(y) = y**2 - 28*y + 72. Let c(f) = 4*k(f) - o(f). Determine c(0).
-76
Let x(p) = -61*p + 7 - 54*p - 62*p - 56*p + 232*p. Let n = -3 - -7. Calculate x(n).
3
Suppose 0 = -g - 354*s + 350*s + 9, -10 = -g - 5*s. Let x(p) = 4*p**2 - 9*p + 32. Give x(g).
87
Let d(j) = 3*j**2 - 4*j + 5. Suppose -11*u + s = -9*u - 7, -2*s + 10 = 2*u. What is d(u)?
37
Let h(l) = -l**3 - 11*l**2 + l + 16. Let z(n) = -n**2 - 4*n + 29. Let c be z(0). Let b = -40 + c. Calculate h(b).
5
Let p(k) = -k**3 + 65*k**2 - 18*k - 10. Let y(g) = g**3 - 78*g**2 + 22*g + 11. Let q(r) = 6*p(r) + 5*y(r). Give q(0).
-5
Let z(h) = -40*h - 611. Let l be z(-15). Let r(w) = 4*w + 31. What is r(l)?
-13
Let a(p) = -388 + p**3 - 12*p + 383 - 2*p + 4*p**2. Let j be (1/3 - 204/(-36))/(-1). What is a(j)?
7
Let k(a) = -13*a**2 + 141*a + 1386. Let f(g) = 4*g**2 - 48*g - 460. Let v(j) = 10*f(j) + 3*k(j). Determine v(-7).
6
Let l(h) be the third derivative of -9*h**2 - 1/6*h**4 + 0 + 17/6*h**3 + 0*h + 1/120*h**5. Let q(i) be the first derivative of l(i). Calculate q(0).
-4
Let t(g) be the third derivative of g**6/120 + 13*g**5/60 + g**4/8 + 4*g**3 - 768*g**2. Calculate t(-13).
-15
Let s(q) = -151*q + 303*q - 153*q. Suppose -5*g - 6 = -7*g. Suppose v + 2*a + g*a - 8 = 0, a - 4 = -v. Give s(v).
-3
Let c(s) = -19*s**2 + 3*s - 3. Suppose 0 = 2*t - 2*n - 14, -26 = 2*t + 5*n - 5. What is c(t)?
-73
Let n(q) = -q**3 + 7*q**2 - 7*q - 7. Let u be n(3). Suppose 3*p + u*g - 9*g = 15, -5*g - 5 = -p. Let t(i) = -i**2 - i - 7. Give t(p).
-37
Let f(m) be the second derivative of m**3/3 - 23*m**2/2 - 210*m. Calculate f(12).
1
Let v(m) = 12 + 35*m - 7*m**2 - 4 - m**3 + 23*m + 5*m**2 - 47*m. Calculate v(-4).
-4
Let p(q) = -10*q - q**3 + 20 + 8*q**2 - 4*q**3 - q**3 + 4*q**3 + 3*q**3. What is p(-9)?
29
Let o be 7 + 13/((-143)/88). Let m(y)